{"id":81,"date":"2018-09-05T13:29:45","date_gmt":"2018-09-05T11:29:45","guid":{"rendered":"http:\/\/cieparacosm.fr\/?page_id=81"},"modified":"2024-03-05T13:40:34","modified_gmt":"2024-03-05T12:40:34","slug":"lequipe","status":"publish","type":"page","link":"https:\/\/cieparacosm.fr\/index.php\/a-propos-de\/lequipe\/","title":{"rendered":"L&#8217;\u00e9quipe"},"content":{"rendered":"\n<h3 class=\"wp-block-heading\" id=\"YseBroquin\">Ys\u00e9 Broquin<\/h3>\n\n\n\n<p><em>Assistante \u00e0 la chor\u00e9graphie, danseuse interpr\u00e8te<\/em><\/p>\n\n\n\n<p style=\"text-align: justify;\">Sa formation de danseuse professionnelle se r\u00e9alise au Centre James Carl\u00e8s \u00e0 Toulouse. Elle danse ensuite pour Sylvie Pabiot, au sein de la compagnie Wejna. Depuis 2011, elle travaille \u00e9galement avec la compagnie Cr\u00e9ature en tant que danseuse et marionnettiste notamment pour \u00ab Les irr\u00e9els \u00bb et \u00ab Bouchka \u00bb dans des mises en sc\u00e8ne de Lou Broquin. En 2017, elle d\u00e9bute le travail de recherche et de r\u00e9p\u00e9titions avec St\u00e9phanie Bonnetot autour du spectacle jeune public \u00ab La Vague \u00bb et danse avec la Cie L\u2019h\u00e9lice. Elle participe en tant qu&rsquo;assistante \u00e0 la chor\u00e9graphie sur les derni\u00e8res pi\u00e8ces de la Cie, depuis <em>Shadow Sisters<\/em>.<\/p>\n\n\n\n<h3 class=\"wp-block-heading\" id=\"SalimaNouide\">Salima Nouide <\/h3>\n\n\n\n<p><em>Danseuse interpr\u00e8te <\/em><\/p>\n\n\n\n<p style=\"text-align: justify;\">Dipl\u00f4m\u00e9e du Conservatoire du Mans en 2008, Salima passe ensuite son EAT Jazz avant de suivre une formation de danse contemporaine et jazz \u00e0 Toulouse. En 2011, elle passe son EAT classique pour compl\u00e9ter sa formation au conservatoire. Puis elle part \u00e0 Paris pour y d\u00e9couvrir de nouvelles techniques et y rencontre Catherine Dreyfus. En 2012 elle int\u00e8gre la Compagnie Act2 Catherine Dreyfus pour la reprise de r\u00f4le du Coquelicot dans \u00ab Et si j\u2019\u00e9tais moi ! \u00bb. De retour sur Toulouse fin 2013, elle rejoins la compagnie L&rsquo;h\u00e9lice en 2014 et participe depuis \u00e0 diff\u00e9rents projets de Myriam Naisy. Elle int\u00e8gre la Cie Paracosm en 2018 sur la cr\u00e9ation de <em>Shadow Sisters<\/em>.<\/p>\n\n\n\n<h3 class=\"wp-block-heading\" id=\"ClaireMassias\">Claire Massias<\/h3>\n\n\n\n<p><em>Danseuse interpr\u00e8te <\/em><\/p>\n\n\n\n<p style=\"text-align: justify;\">Elle s&rsquo;initie \u00e0 la danse d\u00e9s l&rsquo;\u00e2ge de 5 ans \u00e0 Bordeaux dans l&rsquo;\u00e9cole pluridisciplinaire de Catherine Millepied. Elle se forme ensuite au Conservatoire de Bordeaux avant d&rsquo;int\u00e9grer \u00e0 14 ans le CNSMD de Lyon en section classique. Elle sort dipl\u00f4m\u00e9e en 1998 et part un an \u00e0 New York poursuivre sa formation \u00e0 l&rsquo;\u00e9cole du New York City Ballet, The School of American Ballet. De retour en France, elle danse avec Mariala Palaccio, puis la compagnie Elirale. En 2002, elle int\u00e8gre Le Ballet Actuel \u00e0 Toulouse sous la direction de Nathalie Bard o\u00f9 elle \u00e9volue 11 ans. Elle est ensuite engag\u00e9e par la Compagnie Myriam Naisy \/ L&rsquo;h\u00e9lice pour la cr\u00e9ation Urban Sacre en 2014. Elle danse au Ballet de Limoges pour la cr\u00e9ation \u00ab La Jeune fille et la Mort \u00ab l&rsquo;ann\u00e9e suivante, avant de rejoindre la Compagnie Myriam Naisy pour une reprise de r\u00f4le dans le spectacle ZZZ&rsquo;insectes en 2016. Elle int\u00e8gre la Cie Paracosm en 2018 sur la cr\u00e9ation de <em>Shadow Sisters<\/em>.<\/p>\n\n\n\n<h3 class=\"wp-block-heading\" id=\"MyriamNaisy\">T\u00e9sia Peirat<\/h3>\n\n\n\n<p><em>Danseuse interpr\u00e8te <\/em><\/p>\n\n\n\n<p style=\"text-align: justify;\">T\u00e9sia Peirat&nbsp; commence la danse au centre James Carl\u00e8s puis entame sa formation au Conservatoire de Toulouse o\u00f9 elle obtient son prix en 2015. Elle int\u00e9gre ensuite le&nbsp; CNSMDP de Paris en danse contemporaine o\u00f9 elle suit notamment les cours d\u2019Edmond Russo et de Nathalie Pubellier. Elle obtient sont dipl\u00f4me de danseuse interpr\u00e8te en&nbsp; 2018 et int\u00e8gre l&rsquo;ensemble chor\u00e9graphique du CNSMDP o\u00f9 elle sera interpr\u00e8te dans la pi\u00e8ce \u00ab\u00a0Vivaldisco\u00a0\u00bb de B\u00e9atrice Massin et dansera la pi\u00e8ce r\u00e9pertoire de Mathilde Monnier \u00ab\u00a0Les lieux de l\u00e0 \u00ab\u00a0. Elle est actuellement interpr\u00e8te pour la chor\u00e9graphe Sandrine Chaoulli, Compagnie Chao.s, dans les pi\u00e8ces \u00a0\u00bb Une jungle\u00a0\u00bb et \u00ab\u00a0Soro\u00a0\u00bb. Elle travaille \u00e9galement&nbsp; depuis 2020 avec la chor\u00e9graphe Charlotte Rousseau de la Presque Compagnie, dans les pi\u00e8ces \u00ab\u00a0Jusqu&rsquo;au soir \u00a0\u00bb et \u00a0\u00bb Les identit\u00e9s remarquables, volet 2&Prime;. T\u00e9sia a rejoint l\u2019aventure Paracosm en 2021 lors d\u2019une reprise de r\u00f4le pour&nbsp;<em>Shadow Sisters<\/em>. Elle continue sa collaboration avec la Compagnie sur sa cr\u00e9ation,&nbsp;<em>Ma M\u00e8re l\u2019Oye.<\/em><\/p>\n\n\n\n<h3 class=\"wp-block-heading\" id=\"MyriamNaisy\">Marianne Masson<\/h3>\n\n\n\n<p><em>Danseuse interpr\u00e8te<\/em><\/p>\n\n\n\n<h3 class=\"wp-block-heading\">Marie Sigal <\/h3>\n\n\n\n<p><em>Musicienne et interpr\u00e8te <\/em><\/p>\n\n\n\n<p style=\"text-align: justify;\">N\u00e9e d\u2019un p\u00e8re accordeur de pianos et d\u2019une m\u00e8re peintre et calligraphe, Marie Sigal plonge tr\u00e8s jeune dans l\u2019univers de la pop, de la chanson et des musiques de films. Elle int\u00e8gre le conservatoire et chante sous la direction de chefs tels que Michel Plasson, Jos\u00e9 Maria Florencio&#8230; En 2014, Marie aborde des sonorit\u00e9s plus acoustiques et folk, baign\u00e9es de voix, de cordes et de percussions avec la cr\u00e9ation du CD <em>The nature of<\/em>. Elle parcourt les sc\u00e8nes du monde entier entre 2011 et 2015 en solo ou en premi\u00e8res parties de Peter Van Poehl, Elysian Fields, Nosfell, Coming Soon, Youn Sun Nah, Thomas Fersen, Daphn\u00e9&#8230; . Elle compose diverses musiques pour images (Arte, avec \u00ab\u00a0Brice\u00a0\u00bb, documentaire de Sandrine M\u00f6rch prim\u00e9 au festival de Deauville Green Awards) et des musiques pour compagnies de danse et de th\u00e9\u00e2tre. C&rsquo;est au d\u00e9but du travail de recherche sur la pi\u00e8ce&nbsp;<em>Shadow Sisters<\/em>&nbsp;en 2019 qu&rsquo;elle rejoint la Compagnie Paracosm.<\/p>\n\n\n\n<h3 class=\"wp-block-heading\" id=\"MyriamNaisy\">Manfred Armand<\/h3>\n\n\n\n<p><em>R\u00e9gisseur g\u00e9n\u00e9ral<\/em><\/p>\n\n\n\n<p style=\"text-align: justify;\">Apr\u00e8s un Deug de sociologie et une licence en d\u00e9veloppement culturel , il d\u00e9marre l&rsquo;accompagnement technique de projets artistiques et d\u00e9cide de suivre en 2008 une formation dans l&rsquo;\u00e9clairage du spectacle vivant. Il a accompagn\u00e9 en tourn\u00e9e de nombreux groupes musicaux en r\u00e9gion Occitanie, dont il a \u00e9galement r\u00e9alis\u00e9 les cr\u00e9ations lumi\u00e8re : Noir Coeur, Kid Wise, Le Common Diamond, The Ta\u00efkonauts&#8230;<br>Il multiplie par ailleurs les exp\u00e9riences dans le milieu du th\u00e9\u00e2tre avec des compagnies mais aussi au sein des th\u00e9\u00e2tres o\u00f9 il est engag\u00e9 en tant que technicien polyvalent et r\u00e9gisseur lumi\u00e8re. En 2016 il part \u00e0 la R\u00e9union et travaille pour le Festival Komidi et le centre dramatique de l&rsquo;oc\u00e9an Indien. Depuis 2017, il poursuit les projets artistiques avec de nombreux artistes et commence \u00e0 travailler dans le champ chor\u00e9graphique notamment avec Sylvain Huc dont il assure la r\u00e9gie technique et lumi\u00e8re. Il rejoint la Cie Paracosm pour la cr\u00e9ation du spectacle&nbsp;<em>Shadow Sisters<\/em>&nbsp;en 2019.<\/p>\n","protected":false},"excerpt":{"rendered":"<p>Ys\u00e9 Broquin Assistante \u00e0 la chor\u00e9graphie, danseuse interpr\u00e8te Sa formation de danseuse professionnelle se r\u00e9alise au Centre James Carl\u00e8s \u00e0 Toulouse. Elle danse ensuite pour Sylvie Pabiot, au sein de la compagnie Wejna. Depuis 2011, elle travaille \u00e9galement avec la compagnie Cr\u00e9ature en tant que danseuse et marionnettiste notamment pour \u00ab Les irr\u00e9els \u00bb et&hellip;<\/p>\n<p><a class=\"more-link\" href=\"https:\/\/cieparacosm.fr\/index.php\/a-propos-de\/lequipe\/\">Read More<\/a><\/p>\n","protected":false},"author":1,"featured_media":0,"parent":20,"menu_order":0,"comment_status":"closed","ping_status":"closed","template":"","meta":{"ngg_post_thumbnail":0,"footnotes":""},"class_list":["post-81","page","type-page","status-publish","hentry"],"_links":{"self":[{"href":"https:\/\/cieparacosm.fr\/index.php\/wp-json\/wp\/v2\/pages\/81","targetHints":{"allow":["GET"]}}],"collection":[{"href":"https:\/\/cieparacosm.fr\/index.php\/wp-json\/wp\/v2\/pages"}],"about":[{"href":"https:\/\/cieparacosm.fr\/index.php\/wp-json\/wp\/v2\/types\/page"}],"author":[{"embeddable":true,"href":"https:\/\/cieparacosm.fr\/index.php\/wp-json\/wp\/v2\/users\/1"}],"replies":[{"embeddable":true,"href":"https:\/\/cieparacosm.fr\/index.php\/wp-json\/wp\/v2\/comments?post=81"}],"version-history":[{"count":40,"href":"https:\/\/cieparacosm.fr\/index.php\/wp-json\/wp\/v2\/pages\/81\/revisions"}],"predecessor-version":[{"id":1714,"href":"https:\/\/cieparacosm.fr\/index.php\/wp-json\/wp\/v2\/pages\/81\/revisions\/1714"}],"up":[{"embeddable":true,"href":"https:\/\/cieparacosm.fr\/index.php\/wp-json\/wp\/v2\/pages\/20"}],"wp:attachment":[{"href":"https:\/\/cieparacosm.fr\/index.php\/wp-json\/wp\/v2\/media?parent=81"}],"curies":[{"name":"wp","href":"https:\/\/api.w.org\/{rel}","templated":true}]}}

L&#8217;équipe

<h3 class="wp-block-heading" id="YseBroquin">Ysé Broquin</h3>



<p><em>Assistante à la chorégraphie, danseuse interprète</em></p>



<p style="text-align: justify;">Sa formation de danseuse professionnelle se réalise au Centre James Carlès à Toulouse. Elle danse ensuite pour Sylvie Pabiot, au sein de la compagnie Wejna. Depuis 2011, elle travaille également avec la compagnie Créature en tant que danseuse et marionnettiste notamment pour « Les irréels » et « Bouchka » dans des mises en scène de Lou Broquin. En 2017, elle débute le travail de recherche et de répétitions avec Stéphanie Bonnetot autour du spectacle jeune public « La Vague » et danse avec la Cie L’hélice. Elle participe en tant qu&rsquo;assistante à la chorégraphie sur les dernières pièces de la Cie, depuis <em>Shadow Sisters</em>.</p>



<h3 class="wp-block-heading" id="SalimaNouide">Salima Nouide </h3>



<p><em>Danseuse interprète </em></p>



<p style="text-align: justify;">Diplômée du Conservatoire du Mans en 2008, Salima passe ensuite son EAT Jazz avant de suivre une formation de danse contemporaine et jazz à Toulouse. En 2011, elle passe son EAT classique pour compléter sa formation au conservatoire. Puis elle part à Paris pour y découvrir de nouvelles techniques et y rencontre Catherine Dreyfus. En 2012 elle intègre la Compagnie Act2 Catherine Dreyfus pour la reprise de rôle du Coquelicot dans « Et si j’étais moi ! ». De retour sur Toulouse fin 2013, elle rejoins la compagnie L&rsquo;hélice en 2014 et participe depuis à différents projets de Myriam Naisy. Elle intègre la Cie Paracosm en 2018 sur la création de <em>Shadow Sisters</em>.</p>



<h3 class="wp-block-heading" id="ClaireMassias">Claire Massias</h3>



<p><em>Danseuse interprète </em></p>



<p style="text-align: justify;">Elle s&rsquo;initie à la danse dés l&rsquo;âge de 5 ans à Bordeaux dans l&rsquo;école pluridisciplinaire de Catherine Millepied. Elle se forme ensuite au Conservatoire de Bordeaux avant d&rsquo;intégrer à 14 ans le CNSMD de Lyon en section classique. Elle sort diplômée en 1998 et part un an à New York poursuivre sa formation à l&rsquo;école du New York City Ballet, The School of American Ballet. De retour en France, elle danse avec Mariala Palaccio, puis la compagnie Elirale. En 2002, elle intègre Le Ballet Actuel à Toulouse sous la direction de Nathalie Bard où elle évolue 11 ans. Elle est ensuite engagée par la Compagnie Myriam Naisy / L&rsquo;hélice pour la création Urban Sacre en 2014. Elle danse au Ballet de Limoges pour la création « La Jeune fille et la Mort « l&rsquo;année suivante, avant de rejoindre la Compagnie Myriam Naisy pour une reprise de rôle dans le spectacle ZZZ&rsquo;insectes en 2016. Elle intègre la Cie Paracosm en 2018 sur la création de <em>Shadow Sisters</em>.</p>



<h3 class="wp-block-heading" id="MyriamNaisy">Tésia Peirat</h3>



<p><em>Danseuse interprète </em></p>



<p style="text-align: justify;">Tésia Peirat&nbsp; commence la danse au centre James Carlès puis entame sa formation au Conservatoire de Toulouse où elle obtient son prix en 2015. Elle intégre ensuite le&nbsp; CNSMDP de Paris en danse contemporaine où elle suit notamment les cours d’Edmond Russo et de Nathalie Pubellier. Elle obtient sont diplôme de danseuse interprète en&nbsp; 2018 et intègre l&rsquo;ensemble chorégraphique du CNSMDP où elle sera interprète dans la pièce « Vivaldisco » de Béatrice Massin et dansera la pièce répertoire de Mathilde Monnier « Les lieux de là « . Elle est actuellement interprète pour la chorégraphe Sandrine Chaoulli, Compagnie Chao.s, dans les pièces  » Une jungle » et « Soro ». Elle travaille également&nbsp; depuis 2020 avec la chorégraphe Charlotte Rousseau de la Presque Compagnie, dans les pièces « Jusqu&rsquo;au soir  » et  » Les identités remarquables, volet 2&Prime;. Tésia a rejoint l’aventure Paracosm en 2021 lors d’une reprise de rôle pour&nbsp;<em>Shadow Sisters</em>. Elle continue sa collaboration avec la Compagnie sur sa création,&nbsp;<em>Ma Mère l’Oye.</em></p>



<h3 class="wp-block-heading" id="MyriamNaisy">Marianne Masson</h3>



<p><em>Danseuse interprète</em></p>



<h3 class="wp-block-heading">Marie Sigal </h3>



<p><em>Musicienne et interprète </em></p>



<p style="text-align: justify;">Née d’un père accordeur de pianos et d’une mère peintre et calligraphe, Marie Sigal plonge très jeune dans l’univers de la pop, de la chanson et des musiques de films. Elle intègre le conservatoire et chante sous la direction de chefs tels que Michel Plasson, José Maria Florencio&#8230; En 2014, Marie aborde des sonorités plus acoustiques et folk, baignées de voix, de cordes et de percussions avec la création du CD <em>The nature of</em>. Elle parcourt les scènes du monde entier entre 2011 et 2015 en solo ou en premières parties de Peter Van Poehl, Elysian Fields, Nosfell, Coming Soon, Youn Sun Nah, Thomas Fersen, Daphné&#8230; . Elle compose diverses musiques pour images (Arte, avec « Brice », documentaire de Sandrine Mörch primé au festival de Deauville Green Awards) et des musiques pour compagnies de danse et de théâtre. C&rsquo;est au début du travail de recherche sur la pièce&nbsp;<em>Shadow Sisters</em>&nbsp;en 2019 qu&rsquo;elle rejoint la Compagnie Paracosm.</p>



<h3 class="wp-block-heading" id="MyriamNaisy">Manfred Armand</h3>



<p><em>Régisseur général</em></p>



<p style="text-align: justify;">Après un Deug de sociologie et une licence en développement culturel , il démarre l&rsquo;accompagnement technique de projets artistiques et décide de suivre en 2008 une formation dans l&rsquo;éclairage du spectacle vivant. Il a accompagné en tournée de nombreux groupes musicaux en région Occitanie, dont il a également réalisé les créations lumière : Noir Coeur, Kid Wise, Le Common Diamond, The Taïkonauts&#8230;<br>Il multiplie par ailleurs les expériences dans le milieu du théâtre avec des compagnies mais aussi au sein des théâtres où il est engagé en tant que technicien polyvalent et régisseur lumière. En 2016 il part à la Réunion et travaille pour le Festival Komidi et le centre dramatique de l&rsquo;océan Indien. Depuis 2017, il poursuit les projets artistiques avec de nombreux artistes et commence à travailler dans le champ chorégraphique notamment avec Sylvain Huc dont il assure la régie technique et lumière. Il rejoint la Cie Paracosm pour la création du spectacle&nbsp;<em>Shadow Sisters</em>&nbsp;en 2019.</p>

<p>Ysé Broquin Assistante à la chorégraphie, danseuse interprète Sa formation de danseuse professionnelle se réalise au Centre James Carlès à Toulouse. Elle danse ensuite pour Sylvie Pabiot, au sein de la compagnie Wejna. Depuis 2011, elle travaille également avec la compagnie Créature en tant que danseuse et marionnettiste notamment pour « Les irréels » et&hellip;</p>
<p><a class="more-link" href="https://cieparacosm.fr/index.php/a-propos-de/lequipe/">Read More</a></p>
