{"id":625,"date":"2019-09-26T11:43:05","date_gmt":"2019-09-26T09:43:05","guid":{"rendered":"http:\/\/cieparacosm.fr\/?page_id=625"},"modified":"2024-03-05T14:37:51","modified_gmt":"2024-03-05T13:37:51","slug":"shadow-sisters","status":"publish","type":"page","link":"https:\/\/cieparacosm.fr\/index.php\/spectacles\/shadow-sisters\/","title":{"rendered":"Shadow Sisters"},"content":{"rendered":"\n<h1 class=\"has-text-align-center wp-block-heading\">Shadow sisters<\/h1>\n\n\n\n<div class=\"wp-block-columns is-layout-flex wp-container-core-columns-is-layout-9d6595d7 wp-block-columns-is-layout-flex\">\n<div class=\"wp-block-column is-layout-flow wp-block-column-is-layout-flow\" style=\"flex-basis:100%\">\n<div class=\"wp-block-columns is-layout-flex wp-container-core-columns-is-layout-9d6595d7 wp-block-columns-is-layout-flex\">\n<div class=\"wp-block-column is-layout-flow wp-block-column-is-layout-flow\" style=\"flex-basis:75%\">\n<div class=\"wp-block-columns alignfull are-vertically-aligned-center is-layout-flex wp-container-core-columns-is-layout-9d6595d7 wp-block-columns-is-layout-flex\">\n<div class=\"wp-block-column is-vertically-aligned-center is-layout-flow wp-block-column-is-layout-flow\" style=\"flex-basis:100%\">\n<div class=\"wp-block-columns is-layout-flex wp-container-core-columns-is-layout-9d6595d7 wp-block-columns-is-layout-flex\">\n<div class=\"wp-block-column is-layout-flow wp-block-column-is-layout-flow\" style=\"flex-basis:100%\"><div class=\"wp-block-image\">\n<figure class=\"alignleft size-large is-resized\"><img loading=\"lazy\" decoding=\"async\" src=\"https:\/\/cieparacosm.fr\/wp-content\/uploads\/2023\/06\/LP204501-768x1024.jpg\" alt=\"\" class=\"wp-image-1467\" width=\"494\" height=\"658\" srcset=\"https:\/\/cieparacosm.fr\/wp-content\/uploads\/2023\/06\/LP204501-768x1024.jpg 768w, https:\/\/cieparacosm.fr\/wp-content\/uploads\/2023\/06\/LP204501-225x300.jpg 225w, https:\/\/cieparacosm.fr\/wp-content\/uploads\/2023\/06\/LP204501-1152x1536.jpg 1152w, https:\/\/cieparacosm.fr\/wp-content\/uploads\/2023\/06\/LP204501-596x795.jpg 596w, https:\/\/cieparacosm.fr\/wp-content\/uploads\/2023\/06\/LP204501.jpg 1440w\" sizes=\"auto, (max-width: 494px) 100vw, 494px\" \/><\/figure><\/div><\/div>\n<\/div>\n<\/div>\n<\/div>\n<\/div>\n\n\n\n<div class=\"wp-block-column is-layout-flow wp-block-column-is-layout-flow\" style=\"flex-basis:50%\">\n<div class=\"wp-block-group\" style=\"font-size:12px\"><div class=\"wp-block-group__inner-container is-layout-flow wp-block-group-is-layout-flow\">\n<p style=\"text-align: justify;\">&nbsp;<\/p>\n<p>&nbsp;<\/p>\n<p>Cr\u00e9ation 2020<\/p>\n<p style=\"text-align: left;\"><em>Pour 4 danseuses et 1 musicienne &nbsp; &nbsp; &nbsp; &nbsp; &nbsp; &nbsp; &nbsp; &nbsp; &nbsp; &nbsp; &nbsp; &nbsp; &nbsp; &nbsp; &nbsp; &nbsp; &nbsp; &nbsp; &nbsp; &nbsp;<\/em><\/p>\n<p style=\"text-align: left;\">Dur\u00e9e&nbsp;: 55 minutes<\/p>\n<p style=\"text-align: left;\">Chor\u00e9graphie et sc\u00e9nographie : St\u00e9phanie Bonnetot<br>Assistante \u00e0 la chor\u00e9graphie : Ys\u00e9 Broquin<br>Cr\u00e9ation musicale et interpr\u00e9tation&nbsp;: Marie Sigal<br>Cr\u00e9ation lumi\u00e8re&nbsp;: Manfred Armand<br>Interpr\u00e8tes&nbsp;<strong>:<\/strong> Claire Massias, Salima Nouid\u00e9, Ys\u00e9 Broquin, Marie Sigal et Naomi Charlot&nbsp;<\/p>\n<p style=\"text-align: justify;\">Soutien financier : CMN \/ L\u2019h\u00e9lice, Conseil d\u00e9partemental de la Haute Garonne, Spedidam, La Ville de Pamiers&nbsp;<br>Accueil studio : P\u00f4le Danse CMN \/ L\u2019h\u00e9lice, L&rsquo;Espace roguet \/ Toulouse, Odyssud Blagnac, L&rsquo;Escale \/ Tournefeuille, Salle du Jeu du Mail \/ Pamiers<\/p>\n<p>&nbsp;<\/p>\n<\/div><\/div>\n<\/div>\n<\/div>\n<\/div>\n<\/div>\n\n\n\n<h3 class=\"wp-block-heading\">Le Spectacle<\/h3>\n\n\n\n<p style=\"text-align: justify;\">&nbsp;Au d\u00e9part de \u00ab Shadow Sisters \u00bb, il y avait mon envie de raconter l\u2019histoire d\u2019une femme et de ses fant\u00f4mes. Ceux du pass\u00e9, li\u00e9s \u00e0 l\u2019enfance, ceux qui viennent habiter le pr\u00e9sent sans y \u00eatre invit\u00e9s et ceux qui envahissent le futur en fonction des choix que l\u2019on fait.<\/p>\n\n\n\n<p style=\"text-align: justify;\">Sur le plateau, 5 femmes avec des corps et des \u00e2ges diff\u00e9rents dansent, chantent, se bousculent, se d\u00e9chirent, s\u2019entraident,s\u2019unissent, s\u2019aiment. C\u2019est parfois la s\u0153ur, la m\u00e8re, l\u2019enfant, la grand-m\u00e8re qui nous appara\u00eet. J\u2019ai choisi de mettre en avant les singularit\u00e9s de chacune des interpr\u00e8tes : leur corps, leurs sensibilit\u00e9s, leurs mani\u00e8res de danser et d\u2019occuper l\u2019espace. Les moments de chor\u00e9graphie d\u2019ensemble sont travaill\u00e9s comme des moments de rituels collectifs, et lorsque la forme est similaire pour toutes, le geste est singulier. L\u2019\u0153il du spectateur, l\u2019histoire racont\u00e9e, passe d\u2019un corps \u00e0 l\u2019autre, d\u2019une interpr\u00e8te \u00e0 l\u2019autre. Parfois une danseuse porte une parole personnelle et le groupe vient se positionner en soutien, ou vient souligner les contraintes que la soci\u00e9t\u00e9 impose ; et parfois ce corps individuel devient corps collectif, il est porteur, symbole, d\u2019une histoire commune par lequel la catharsis s\u2019op\u00e8re.<\/p>\n\n\n\n<p style=\"text-align: justify;\">Pour d\u00e9poser ces t\u00e9moignages, il \u00e9tait important pour moi de construire un lieu o\u00f9 l\u2019on se sente en s\u00e9curit\u00e9 avec des r\u00e8gles et des codes clairs, pour permettre une parole lib\u00e9r\u00e9e et accueillir des corps engag\u00e9s. Nous nous sommes inspir\u00e9es de rituels ancestraux bien pr\u00e9sents dans l\u2019imaginaire collectif comme les rituels chamaniques ou les incantations des druides. C\u2019est la premi\u00e8re chose que le spectateur voit : un groupe de sorci\u00e8res qui construit, en murmurant un chant ancien, l\u2019espace dans lequel elles vont venir exorciser, sublimer leurs histoires. C\u2019est ainsi que le rite d\u00e9marre, et forc\u00e9ment, cet espace dont elles auront \u00e9prouv\u00e9 les limites au fil de la pi\u00e8ce va inexorablement se transformer et les m\u00e9tamorphoser.<\/p>\n\n\n\n<p style=\"text-align: justify;\">\u00ab Shadow sisters \u00bb est la prise de parole d\u2019un groupe de femmes fortes et lumineuses qui prennent leur histoire personnelle et collective en main. Une ode \u00e0 la puissance et \u00e0 l\u2019\u00e9mancipation.<\/p>\n\n\n\n<figure class=\"wp-block-image size-large\"><img loading=\"lazy\" decoding=\"async\" width=\"1024\" height=\"768\" src=\"https:\/\/cieparacosm.fr\/wp-content\/uploads\/2024\/03\/LP204461-1024x768.jpeg\" alt=\"\" class=\"wp-image-1750\" srcset=\"https:\/\/cieparacosm.fr\/wp-content\/uploads\/2024\/03\/LP204461-1024x768.jpeg 1024w, https:\/\/cieparacosm.fr\/wp-content\/uploads\/2024\/03\/LP204461-300x225.jpeg 300w, https:\/\/cieparacosm.fr\/wp-content\/uploads\/2024\/03\/LP204461-768x576.jpeg 768w, https:\/\/cieparacosm.fr\/wp-content\/uploads\/2024\/03\/LP204461-1536x1152.jpeg 1536w, https:\/\/cieparacosm.fr\/wp-content\/uploads\/2024\/03\/LP204461.jpeg 1920w\" sizes=\"auto, (max-width: 1024px) 100vw, 1024px\" \/><\/figure>\n\n\n\n<h3 class=\"wp-block-heading\">D\u00e9couvrez le teaser <\/h3>\n\n\n\n<figure class=\"wp-block-embed is-type-video is-provider-youtube wp-block-embed-youtube wp-embed-aspect-16-9 wp-has-aspect-ratio\"><div class=\"wp-block-embed__wrapper\">\n<iframe loading=\"lazy\" title=\"TEASER 1 Shadow sisters   Cie Paracosm\" width=\"1140\" height=\"641\" src=\"https:\/\/www.youtube.com\/embed\/hwtzmFiz_TE?feature=oembed\" frameborder=\"0\" allow=\"accelerometer; autoplay; clipboard-write; encrypted-media; gyroscope; picture-in-picture; web-share\" allowfullscreen><\/iframe>\n<\/div><\/figure>\n\n\n\n<div class=\"wp-block-columns is-layout-flex wp-container-core-columns-is-layout-9d6595d7 wp-block-columns-is-layout-flex\">\n<div class=\"wp-block-column is-layout-flow wp-block-column-is-layout-flow\"><\/div>\n\n\n\n<div class=\"wp-block-column is-layout-flow wp-block-column-is-layout-flow\"><\/div>\n<\/div>\n","protected":false},"excerpt":{"rendered":"<p>Shadow sisters &nbsp; &nbsp; Cr\u00e9ation 2020 Pour 4 danseuses et 1 musicienne &nbsp; &nbsp; &nbsp; &nbsp; &nbsp; &nbsp; &nbsp; &nbsp; &nbsp; &nbsp; &nbsp; &nbsp; &nbsp; &nbsp; &nbsp; &nbsp; &nbsp; &nbsp; &nbsp; &nbsp; Dur\u00e9e&nbsp;: 55 minutes Chor\u00e9graphie et sc\u00e9nographie : St\u00e9phanie BonnetotAssistante \u00e0 la chor\u00e9graphie : Ys\u00e9 BroquinCr\u00e9ation musicale et interpr\u00e9tation&nbsp;: Marie SigalCr\u00e9ation lumi\u00e8re&nbsp;: Manfred ArmandInterpr\u00e8tes&nbsp;:&hellip;<\/p>\n<p><a class=\"more-link\" href=\"https:\/\/cieparacosm.fr\/index.php\/spectacles\/shadow-sisters\/\">Read More<\/a><\/p>\n","protected":false},"author":2,"featured_media":0,"parent":53,"menu_order":0,"comment_status":"closed","ping_status":"closed","template":"","meta":{"ngg_post_thumbnail":0,"footnotes":""},"class_list":["post-625","page","type-page","status-publish","hentry"],"_links":{"self":[{"href":"https:\/\/cieparacosm.fr\/index.php\/wp-json\/wp\/v2\/pages\/625","targetHints":{"allow":["GET"]}}],"collection":[{"href":"https:\/\/cieparacosm.fr\/index.php\/wp-json\/wp\/v2\/pages"}],"about":[{"href":"https:\/\/cieparacosm.fr\/index.php\/wp-json\/wp\/v2\/types\/page"}],"author":[{"embeddable":true,"href":"https:\/\/cieparacosm.fr\/index.php\/wp-json\/wp\/v2\/users\/2"}],"replies":[{"embeddable":true,"href":"https:\/\/cieparacosm.fr\/index.php\/wp-json\/wp\/v2\/comments?post=625"}],"version-history":[{"count":55,"href":"https:\/\/cieparacosm.fr\/index.php\/wp-json\/wp\/v2\/pages\/625\/revisions"}],"predecessor-version":[{"id":1751,"href":"https:\/\/cieparacosm.fr\/index.php\/wp-json\/wp\/v2\/pages\/625\/revisions\/1751"}],"up":[{"embeddable":true,"href":"https:\/\/cieparacosm.fr\/index.php\/wp-json\/wp\/v2\/pages\/53"}],"wp:attachment":[{"href":"https:\/\/cieparacosm.fr\/index.php\/wp-json\/wp\/v2\/media?parent=625"}],"curies":[{"name":"wp","href":"https:\/\/api.w.org\/{rel}","templated":true}]}}